84431
List the prime factors of 21110.
2, 5, 2111
What are the prime factors of 35843?
73, 491
What are the prime factors of 1525?
5, 61
What are the prime factors of 3397?
43, 79
What are the prime factors of 8572?
2, 2143
List the prime factors of 2895.
3, 5, 193
What are the prime factors of 18884?
2, 4721
List the prime factors of 5780.
2, 5, 17
List the prime factors of 37249.
193
List the prime factors of 9171.
3, 1019
List the prime factors of 36569.
13, 29, 97
What are the prime factors of 679?
7, 97
What are the prime factors of 7261?
53, 137
List the prime factors of 59479.
7, 29, 293
What are the prime factors of 1263?
3, 421
What are the prime factors of 1379?
7, 197
What are the prime factors of 90998?
2, 173, 263
List the prime factors of 7614.
2, 3, 47
List the prime factors of 3899.
7, 557
List the prime factors of 2548.
2, 7, 13
List the prime factors of 744.
2, 3, 31
What are the prime factors of 22639?
22639
What are the prime factors of 9416?
2, 11, 107
List the prime factors of 55755.
3, 5, 7, 59
What are the prime factors of 472?
2, 59
List the prime factors of 27775.
5, 11, 101
List the prime factors of 13087.
23, 569
List the prime factors of 4688.
2, 293
What are the prime factors of 411?
3, 137
What are the prime factors of 8968?
2, 19, 59
What are the prime factors of 22601?
97, 233
What are the prime factors of 8056?
2, 19, 53
List the prime factors of 3119.
3119
What are the prime factors of 18958?
2, 9479
What are the prime factors of 2390?
2, 5, 239
List the prime factors of 15823.
15823
List the prime factors of 3983.
7, 569
What are the prime factors of 8382?
2, 3, 11, 127
What are the prime factors of 20587?
7, 17, 173
List the prime factors of 2210.
2, 5, 13, 17
What are the prime factors of 20288?
2, 317
What are the prime factors of 100533?
3, 23, 31, 47
List the prime factors of 2537.
43, 59
List the prime factors of 15791.
15791
What are the prime factors of 19958?
2, 17, 587
List the prime factors of 6847.
41, 167
What are the prime factors of 4852?
2, 1213
List the prime factors of 27492.
2, 3, 29, 79
What are the prime factors of 121619?
19, 37, 173
What are the prime factors of 2555?
5, 7, 73
List the prime factors of 6240.
2, 3, 5, 13
List the prime factors of 625.
5
What are the prime factors of 160711?
160711
List the prime factors of 1376.
2, 43
What are the prime factors of 40606?
2, 79, 257
List the prime factors of 59730.
2, 3, 5, 11, 181
What are the prime factors of 23693?
19, 29, 43
What are the prime factors of 333?
3, 37
What are the prime factors of 1575?
3, 5, 7
List the prime factors of 2141.
2141
What are the prime factors of 2034?
2, 3, 113
List the prime factors of 2009.
7, 41
List the prime factors of 8418.
2, 3, 23, 61
List the prime factors of 57646.
2, 19, 37, 41
List the prime factors of 6754.
2, 11, 307
List the prime factors of 10767.
3, 37, 97
List the prime factors of 136.
2, 17
List the prime factors of 159.
3, 53
List the prime factors of 548.
2, 137
What are the prime factors of 19775?
5, 7, 113
List the prime factors of 75073.
37, 2029
What are the prime factors of 1504?
2, 47
What are the prime factors of 18982?
2, 9491
What are the prime factors of 6708?
2, 3, 13, 43
List the prime factors of 26649.
3, 7, 47
What are the prime factors of 101696?
2, 7, 227
What are the prime factors of 4593?
3, 1531
What are the prime factors of 14625?
3, 5, 13
List the prime factors of 371.
7, 53
List the prime factors of 1954.
2, 977
What are the prime factors of 3697?
3697
What are the prime factors of 818?
2, 409
What are the prime factors of 1762?
2, 881
List the prime factors of 11273.
11273
What are the prime factors of 62830?
2, 5, 61, 103
List the prime factors of 57625.
5, 461
What are the prime factors of 14373?
3, 1597
What are the prime factors of 69401?
69401
What are the prime factors of 43628?
2, 13, 839
What are the prime factors of 476?
2, 7, 17
What are the prime factors of 1997?
1997
What are the prime factors of 13376?
2, 11, 19
What are the prime factors of 47?
47
List the prime factors of 20574.
2, 3, 127
What are the prime factors of 9747?
3, 19
List the prime factors of 4485.
3, 5, 13, 23
List the prime factors of 10014.
2, 3, 1669
What are the prime factors of 2188?
2, 547
List the prime factors of 2646.
2, 3, 7
What are the prime factors of 17738?
2, 7, 181
List the prime factors of 840.
2, 3, 5, 7
List the prime factors of 976.
2, 61
What are the prime factors of 621?
3, 23
What are the prime factors of 427?
7, 61
What are the prime factors of 5084?
2, 31, 41
List the prime factors of 16808.
2, 11, 191
What are the prime factors of 46326?
2, 3, 7, 1103
What are the prime factors of 5899?
17, 347
What are the prime factors of 309?
3, 103
What are the prime factors of 2986?
2, 1493
List the prime factors of 76936.
2, 59, 163
List the prime factors of 3369.
3, 1123
List the prime factors of 8678.
2, 4339
List the prime factors of 3916.
2, 11, 89
What are the prime factors of 957?
3, 11, 29
What are the prime factors of 1917?
3, 71
What are the prime factors of 9312?
2, 3, 97
List the prime factors of 26976.
2, 3, 281
List the prime factors of 41804.
2, 7, 1493
What are the prime factors of 62783?
7, 8969
List the prime factors of 4060.
2, 5, 7, 29
What are the prime factors of 28709?
19, 1511
What are the prime factors of 93532?
2, 67, 349
What are the prime factors of 8306?
2, 4153
List the prime factors of 6460.
2, 5, 17, 19
List the prime factors of 965.
5, 193
List the prime factors of 9157.
9157
List the prime factors of 1151.
1151
What are the prime factors of 908?
2, 227
List the prime factors of 5829.
3, 29, 67
List the prime factors of 75976.
2, 9497
What are the prime factors of 6550?
2, 5, 131
What are the prime factors of 4743?
3, 17, 31
What are the prime factors of 13913?
13913
What are the prime factors of 36023?
13, 17, 163
What are the prime factors of 4885?
5, 977
What are the prime factors of 924?
2, 3, 7, 11
List the prime factors of 4887.
3, 181
What are the prime factors of 4297?
4297
What are the prime factors of 1970?
2, 5, 197
What are the prime factors of 41528?
2, 29, 179
What are the prime factors of 356?
2, 89
What are the prime factors of 5861?
5861
List the prime factors of 57776.
2, 23, 157
List the prime factors of 4003.
4003
What are the prime factors of 533?
13, 41
List the prime factors of 3234.
2, 3, 7, 11
List the prime factors of 57092.
2, 7, 2039
List the prime factors of 34100.
2, 5, 11, 31
List the prime factors of 3772.
2, 23, 41
List the prime factors of 86635.
5, 17327
List the prime factors of 16046.
2, 71, 113
What are the prime factors of 176210?
2, 5, 67, 263
What are the prime factors of 24521?
7, 31, 113
List the prime factors of 94585.
5, 18917
What are the prime factors of 10365?
3, 5, 691
List the prime factors of 353.
353
What are the prime factors of 4876?
2, 23, 53
List the prime factors of 229.
229
List the prime factors of 1358.
2, 7, 97
What are the prime factors of 35348?
2, 8837
What are the prime factors of 3852?
2, 3, 107
What are the prime factors of 1451?
1451
What are the prime factors of 14213?
61, 233
List the prime factors of 3181.
3181
What are the prime factors of 8445?
3, 5, 563
List the prime factors of 17850.
2, 3, 5, 7, 17
List the prime factors of 12162.
2, 3, 2027
List the prime factors of 39620.
2, 5, 7, 283
List the prime factors of 7348.
2, 11, 167
What are the prime factors of 1699?
1699
List the prime factors of 391.
17, 23
List the prime factors of 82368.
2, 3, 11, 13
List the prime factors of 1562.
2, 11, 71
List the prime factors of 800.
2, 5
What are the prime factors of 7340?
2, 5, 367
List the prime factors of 923.
13, 71
List the prime factors of 1822.
2, 911
List the prime factors of 4355.
5, 13, 67
What are the prime factors of 250?
2, 5
What are the prime factors of 1727?
11, 157
List the prime factors of 8659.
7, 1237
List the prime factors of 4129.
4129
List the prime factors of 16863.
3, 7, 11, 73
List the prime factors of 2576.
2, 7, 23
What are the prime factors of 2986?
2, 1493
What are the prime factors of 7324?
2, 1831
What are the prime factors of 5585?
5, 1117
What are the prime factors of 2451?
3, 19, 43
List the prime factors of 18235.
5, 7, 521
What are